ose u - 3*w = 129 + 120, 4*u - p = -2*w. What is the highest common factor of 36 and u?
36
Let i = -121 - 175. Let w = i - -201. Let l = -93 - w. What is the highest common factor of l and 2?
2
Suppose -o = 5*u - 9890, 6574 = 5*o + 4*u - 42813. What is the highest common divisor of 50 and o?
25
Let u be (-1 + 3)*(-228)/8. Suppose -3*s = -2*o - 740, -4*o - 496 = -5*s + 738. Let t = s + u. Calculate the highest common factor of 21 and t.
21
Suppose -3*i + 3102 = -5*b + 7*b, 5*i - 5170 = 3*b. What is the highest common divisor of 846 and i?
94
Suppose 2*v + 2*m - 7*m - 110 = 0, 3*v = -5*m + 115. Let b be (-2 - (-34)/14) + 384/84. What is the greatest common factor of v and b?
5
Let t(n) = -n**3 + 9*n**2 + 5*n + 5. Let y = 19 + -13. Let p be t(y). Let h = 16850 - 16839. What is the highest common factor of h and p?
11
Suppose -5*c - 10590 = -20*c. Let b = c - 596. Calculate the highest common factor of b and 70.
10
Let c be (-222)/(-10) + 5/(-25). Let x = -154 - -284. Suppose 0 = x*b - 136*b + 1452. What is the greatest common factor of b and c?
22
Suppose -255*q = -246*q - 117. Suppose -17 - q = -z. Let i be (0 + 50)/1 + 0. What is the greatest common divisor of i and z?
10
Let m be -6 + (-1902)/24 + (-9)/12. Let a = m + 88. Let u = 14 - 8. What is the greatest common divisor of a and u?
2
Let o = -128 + 210. Let j(a) = 3 - o*a + 71*a - 81*a - 67*a. Let g be j(-1). Calculate the greatest common factor of g and 18.
18
Suppose 0*s - 5*s = -100. Suppose -6*n + s*n = -182. Let k(t) = -5*t - 64. Let y be k(n). Calculate the highest common divisor of y and 2.
1
Let q be 162/45*20/6. Suppose -4*s + 3*s = -5*h - 45, h = -5*s + 147. Calculate the greatest common factor of q and s.
6
Suppose -2*i = -n + 2*n - 73, -3*n + 3 = 0. Suppose -37 = -2*u + 59. Suppose 38*a = 50*a - u. What is the highest common factor of a and i?
4
Let s(c) = -3*c**3 - 4*c**2 - 2*c - 38. Let h be s(-4). What is the greatest common factor of 574 and h?
14
Let u be ((-27)/18)/(6/(-20)). Suppose -2*n + 5 = -a, 4*a - u*n + 15 = 2*a. What is the highest common divisor of a and 80?
5
Suppose -5*a + 27 = 2. Suppose -5*t + 3*t = -38. Suppose a*i - t = 141. What is the greatest common factor of i and 16?
16
Let z(s) = s**2 - 3*s - 2. Let a be z(2). Let u be 1/a + (-722)/(-8). Suppose -21*i - 100 = -26*i. Calculate the highest common divisor of i and u.
10
Let v = -34218 - -34442. Suppose -5*r + 107 - 37 = 0. What is the greatest common divisor of r and v?
14
Let n be (1 - 1) + -2 + 11. Suppose 4*j = 2*k + 298, 0 = -5*j - 2*k - 1051 + 1401. Calculate the highest common divisor of n and j.
9
Suppose 139 = 12*t + 19. Suppose -t*z - 3*z = 0. Suppose 156*b - 159*b + 117 = z. Calculate the greatest common divisor of 351 and b.
39
Let b = -6035 + 6056. Calculate the greatest common factor of b and 6447.
21
Let b = 370 + -335. Suppose 4*y = 20, c = -5*y + b + 12. Let a = 114 + -37. What is the highest common factor of c and a?
11
Suppose 130 = -2*v + 126, 2*r - 2*v = 52. Suppose 162 = -3*n + 6*n. What is the highest common divisor of r and n?
6
Let j(u) be the second derivative of u**4/12 - 11*u**3/3 - 13*u**2/2 + 15*u. Let a be j(26). Calculate the greatest common divisor of a and 13.
13
Let c be 2 + (-76)/(1*-2). Suppose -8 = -2*a + c. Suppose 23*g = -2*x + 28*g + 72, 4*x + g = 144. Calculate the greatest common factor of x and a.
12
Suppose -684 = -5*f + 11*f. Let u = -94 - f. Let i be (-1205)/(-20) - 1/4. Calculate the greatest common divisor of i and u.
20
Let r be (-12)/(-42) - 278/(-7). Let i(u) = -2*u**2 + 46*u + 12. Let f be i(21). Let h be f/10 - 6/15*-1. Calculate the greatest common divisor of h and r.
10
Let l be (-2)/(-17) - (-27)/102*26. Let b = 199 + -59. Suppose -4*r + 9*r = b. What is the greatest common divisor of l and r?
7
Let k(f) = -13*f + 455. Let p be k(3). Calculate the greatest common factor of p and 808.
8
Let t(f) be the second derivative of f**5/20 + 7*f**4/4 + 32*f**2 + 26*f. Let x be t(-21). What is the greatest common factor of x and 2?
2
Suppose -6*z + 91*z - 48*z = 19166. Calculate the greatest common divisor of z and 5254.
74
Suppose 3*i - 4776 = -4*q, -q - 19*i + 1171 = -24*i. Calculate the highest common divisor of q and 3.
3
Suppose -5*h - 13*z = -14*z - 294, 3*z = h - 42. What is the greatest common divisor of 2940 and h?
60
Let n = 81 - 65. Suppose n*i - 14*i = 12. What is the greatest common factor of 14 and i?
2
Let l = 937 + -274. Let h = l + -632. What is the highest common factor of h and 496?
31
Suppose -3*q = 3*j + 18 - 381, -3*j + 611 = 5*q. Suppose -4*p = 3*m + m - 752, 0 = -3*m - 2*p + 562. Calculate the highest common factor of q and m.
62
Suppose 9*y - 13*y + 5*l + 4187 = 0, 0 = -y - 5*l + 1053. What is the highest common divisor of 4061 and y?
131
Let q be ((-2)/4)/(2/4) - 5. Let i be ((-36)/16)/((-1)/((-112)/q)). Suppose 0 = o - i + 11. What is the greatest common factor of 155 and o?
31
Let t = 24 - -21. Let b = 60 - t. Suppose 80 = d + b. Calculate the greatest common divisor of 13 and d.
13
Let m be 8/(-3)*99/(-4). Let k be -11*(-45)/(-825)*-20. Calculate the greatest common factor of k and m.
6
Let i be (-2)/(-1) + 0 + 124. Let b be (-1560)/(-15) - (-1 - 6). Let u be b/6 - -3*(-5)/30. Calculate the highest common factor of u and i.
18
Suppose -66*t + 9828 = -55*t + 171*t. What is the highest common factor of t and 12258?
54
Let z(c) = c + 58. Let d be z(-32). Calculate the greatest common divisor of d and 4901.
13
Let j(h) = -3*h**2 + 151*h + 177. Let m be j(51). Calculate the highest common divisor of 975 and m.
75
Let n = -6069 + 6872. What is the greatest common divisor of n and 219?
73
Suppose -92 - 192 = -3*j - 2*g, 292 = 3*j - 2*g. Let p(h) = -37*h**2 - 15*h + 28. Let c be p(2). Let q = c + 162. What is the highest common factor of j and q?
12
Suppose 3*x - 7 = j, -3*j - 5*x = -2*x - 27. Suppose -3*b = -6, -4*b + 108 = j*k - 475. What is the greatest common divisor of 92 and k?
23
Suppose -240 = 2*b - 262. Let n be (-114)/(-209) - (-1479)/b. What is the highest common factor of 10 and n?
5
Suppose -2*c + 87 = a, 0*c = 2*c + 3*a - 69. What is the greatest common divisor of 10824 and c?
24
Let n = 1925 + -1705. Calculate the highest common divisor of 66 and n.
22
Suppose -12 = 15*x - 16*x. Let a = 8513 + -8447. Calculate the highest common factor of x and a.
6
Let j(n) be the third derivative of n**5/30 - 37*n**4/24 + 67*n**3/6 - 4*n**2 - 3. Let v be j(25). Calculate the highest common divisor of v and 56.
56
Let w be 821 + 7 + 18/(-6). Suppose -7*u + w = 4*u. Calculate the greatest common factor of 100 and u.
25
Let x = -4131 - -4146. What is the greatest common divisor of 200 and x?
5
Suppose -v - 4*w + 362 = 0, w = 2*w + 7. What is the greatest common divisor of 110 and v?
10
Let u(o) = -o + 1. Let i(d) = d - 2. Let x(q) = -i(q) - 2*u(q). Let y be x(13). Let c = -1 + y. Calculate the highest common divisor of 30 and c.
6
Let j = -14968 - -19173. Calculate the greatest common factor of 10 and j.
5
Let v = -54 - -66. Let g = 3508 - 3476. What is the greatest common factor of g and v?
4
Let z(u) = -480*u - 4784. Let f be z(-10). Suppose 4*k = -3*r - 131, 4*k + 0*k = 3*r - 125. Let h = k + 88. What is the highest common divisor of f and h?
8
Suppose 0 = 231*x - 220*x + 5918. Let g = x + 540. What is the highest common divisor of g and 74?
2
Let n be -2*1 + 1 + 9. Let v(j) = -10*j - 3. Let g be v(-3). Let f = -19 + g. What is the highest common factor of f and n?
8
Suppose -2*m + 408 = -4*h, 9*h - 660 = -3*m + 7*h. Calculate the greatest common factor of m and 32.
8
Let y(q) = -2*q**2 + 50*q + 54. Let r be y(27). Let w be (-5661)/r - (-3)/18. Calculate the highest common divisor of w and 14.
7
Let i = -12081 + 28686. What is the highest common factor of i and 205?
205
Let w(o) = 22*o**2 + 41*o + 3. Let y be w(-2). Calculate the greatest common divisor of y and 1413.
9
Suppose 3490 = 24*d - 7550. What is the highest common factor of d and 120?
20
Suppose -151*l + 89*l = 0. Let g = -48 - -92. Suppose l = h + 6 - g. Calculate the greatest common divisor of h and 114.
38
Suppose 1190 = 5*x - 5*r, 34*x = 33*x - 4*r + 218. Suppose 5*k + 60 = 190. What is the greatest common factor of x and k?
26
Suppose -4*u - 235 = -4*m - 39, -5*u + 63 = 